{"id":2806,"date":"2020-04-18T14:54:55","date_gmt":"2020-04-18T11:54:55","guid":{"rendered":"https:\/\/www.wiruauto.ee\/avaleht\/?page_id=2806"},"modified":"2022-11-25T10:15:52","modified_gmt":"2022-11-25T08:15:52","slug":"isikuandmete-tootlemine","status":"publish","type":"page","link":"https:\/\/www.wiruauto.ee\/avaleht\/isikuandmete-tootlemine\/","title":{"rendered":"Isikuandmete t\u00f6\u00f6tlemine e-poes"},"content":{"rendered":"<p>Veebipoe omanik ja isikuandmete vastutav t\u00f6\u00f6tleja on O\u00dc B.R.A.V. \u2013 AA (registrikood 10161282, asukoht Kreutzwaldi 7, Rakvere, 44314 \u200e; telefon \u200e329 5560; e-post info@wiruauto.ee), kelle veebipood asub veebilehel wiruauto.ee (edaspidi <em>Veebipood<\/em>). Isikuandmete t\u00f6\u00f6tlemise p\u00f5him\u00f5tted on koostatud arvestades m\u00fc\u00fcgitingimusi (vt t\u00e4psemalt <a href=\"https:\/\/www.wiruauto.ee\/avaleht\/muugitingimused\/\">m\u00fc\u00fcgitingimused<\/a>).<\/p>\n<p>Andmekaitsespetsialisti \u00fclesandeid t\u00e4idab juhatuse liige, kelle e-post on info@wiruauto.ee ja telefoni number on 329 5560.<\/p>\n<h3><strong>Isikuandmete t\u00f6\u00f6tlemise eesm\u00e4rk ja ulatus<\/strong><\/h3>\n<p>Veebipood t\u00f6\u00f6tleb isikuandmeid lepingu s\u00f5lmimise, lepingu t\u00e4itmise ja lepingust tuleneva \u00f5igusvaidluse lahendamise eesm\u00e4rgil (isikuandmete kaitse \u00fcldm\u00e4\u00e4ruse artikkel 6 lg 1 p f).<\/p>\n<p>Andmesubjekti n\u00f5usolekul t\u00f6\u00f6tleb veebipood isikuandmeid otseturunduse eesm\u00e4rgil ning toodete arendamise ja uute toodete v\u00e4ljat\u00f6\u00f6tamise eesm\u00e4rgil (isikuandmete kaitse \u00fcldm\u00e4\u00e4ruse artikkel 6 l\u00f5ige 1 punkt a). Andmesubjekti v\u00f5ib enda n\u00f5usoleku isikuandmete t\u00f6\u00f6tlemiseks sellel eesm\u00e4rgil igal ajal tagasi v\u00f5tta.<\/p>\n<p>Seaduses s\u00e4testatud juhul t\u00f6\u00f6tleb veebipood isikuandmeid riikliku statistika kogumise v\u00f5i seadusest tuleneva muu kohustuse (sh raamatupidamise kohustuse, tarbijavaidluste lahendamine, maksuarvestuse kohustuse jms) eesm\u00e4rgil (isikuandmete kaitse \u00fcldm\u00e4\u00e4ruse artikkel 6 l\u00f5ige 1 punkt e). Seaduses s\u00e4testatud juhul v\u00e4ljastab veebipood isikuandmeid kohtu, uurimisasutuse, kohtuv\u00e4lise menetleja v\u00f5i korrakaitseorgani n\u00f5udmisel.<\/p>\n<p><strong>Veebipood t\u00f6\u00f6tleb j\u00e4rgmisi isikuandmeid:<\/strong><br \/>\n&#8211; \u00a0ostja nimi, telefoninumber, aadress ja e-posti aadress;<br \/>\n&#8211; \u00a0kauba kohaletoimetamise aadress;<br \/>\n&#8211; \u00a0maksja pangakonto omaniku nimi ja number;<br \/>\n&#8211; \u00a0kaupade ja teenuste maksumus ja maksetega seotud andmed (ostuajalugu);<br \/>\n&#8211; \u00a0klienditoesse p\u00f6\u00f6rdumise andmed;<br \/>\n&#8211; \u00a0kasutaja veebipoe k\u00fclastamisel kasutatavad seadmed ja tarkvara ning k\u00fclastamise ajalugu;<br \/>\n&#8211; \u00a0ostusoovide nimekiri;<br \/>\n&#8211; \u00a0ostusoovituste teavituse kohaletoimetamise e-posti aadress.<\/p>\n<p>Isikuandmeid kasutatakse kliendi tellimuste haldamiseks, kauba kohaletoimetamiseks, ostusoovide haldamiseks, ostusoovituste tegemiseks ja \u00fcldise sisendina veebipoe edasiarendamiseks.<\/p>\n<p>Ostuajaloo andmeid (ostu kuup\u00e4ev, kaup, kogus, kliendi andmed) kasutatakse ostetud kaupade ja teenuste \u00fclevaate koostamiseks ning kliendieelistuste anal\u00fc\u00fcsimiseks.<\/p>\n<p>Pangakonto omaniku nime ja numbrit kasutatakse kliendile maksete tagastamiseks.<\/p>\n<p>Isikuandmeid nagu e-post, telefoni number, kliendi nimi, t\u00f6\u00f6deldakse selleks, et lahendada kaupade ja teenuste osutamise seonduvaid k\u00fcsimusi (klienditugi).<\/p>\n<p>Veebipoe kasutaja IP-aadressi v\u00f5i teisi v\u00f5rguidentifikaatoreid t\u00f6\u00f6deldakse veebipoe kui info\u00fchiskonna teenuse osutamiseks ning veebikasutusstatistika tegemiseks.<\/p>\n<p>Isikuandmeid v\u00f5ib kasutada kliendi profiilianal\u00fc\u00fcsi tegemiseks \u00fcksnes andmesubjekti eelneval n\u00f5usolekul.<\/p>\n<h3><strong>Isikuandmete avaldamine ja avalikustamine<\/strong><\/h3>\n<p>Isikuandmeid edastatakse veebipoe klienditoele ostude ja ostuajaloo haldamiseks ja kliendiprobleemide lahendamiseks.<\/p>\n<p>Me jagame infot kolmandate osapooltega, kes aitavad meil teie jaoks tellimusi ja poega seonduvaid teenuseid pakkuda; N\u00e4iteks edastame maksete teostamiseks vajalikud isikuandmed volitatud t\u00f6\u00f6tlejatele.<\/p>\n<p>Kliendi nime, telefoninumbri \u00a0ja e-posti aadress edastatakse kliendi poolt valitud transporditeenuse pakkujale. Kui tegemist on kulleriga kohale toimetatava kaubaga, siis edastatakse lisaks kontaktandmetele ka kliendi aadress ning kliendi esitatud andmed kauba k\u00e4ttetoimetajale.<\/p>\n<p>Kliendi andmed edastatakse raamatupidamisteenust osutavale ettev\u00f5tjale raamatupidamise dokumendite koostamiseks, raamatupidamise arvestuse pidamiseks ning raamatupidamisega seotud juriidliste kohustuste t\u00e4itmiseks.<\/p>\n<p>Veebipood v\u00f5ib edastada kliendi isikuandmeid infotehnoloogia teenuste pakkujatele, kui see on vajalik veebipoe funktsionaalsuse v\u00f5i andmemajutuse tagamiseks.<\/p>\n<h3><strong>Turvalisus ja andmetele ligip\u00e4\u00e4s<\/strong><\/h3>\n<p>Isikuandmeid hoitakse teenusepakkujate, kes asuvad Euroopa Liidu liikmesriigi v\u00f5i Euroopa Liidu majanduspiirkonnaga liitunud riikide territooriumil, serverites. Andmeid v\u00f5idakse edastada riikidesse, mille andmekaitse taset on Euroopa Komisjon hinnanud piisavaks ning USA ettev\u00f5tetele, kes on liitunud andmekaitse kilbi (Privacy Shield) raamistikuga.<\/p>\n<p>Juurdep\u00e4\u00e4s isikuandmetele on veebipoe t\u00f6\u00f6tajatel, kes saavad isikuandmetega tutvuda selleks, et lahendada veebipoe kasutamisega seonduvaid tehnilisi k\u00fcsimusi ning osutada klienditoe teenust.<\/p>\n<p>Veebipood rakendab asjakohaseid f\u00fc\u00fcsilisi, organisatsioonilisi ja infotehnilisi turvameetmeid, et kaitsta isikuandmeid juhusliku v\u00f5i ebaseadusliku h\u00e4vitamise, kaotsimineku, muutmise v\u00f5i loata juurdep\u00e4\u00e4su ja avalikustamise eest. K\u00f5igi isikutega, kellel on juurdep\u00e4\u00e4s isikuandmetele, s\u00f5lmitakse konfidentsiaalsusleping.<\/p>\n<p>Isikuandmete edastamine veebipoe volitatud t\u00f6\u00f6tlejatele (nt transporditeenuse pakkuja ja andmemajutus) toimub veebipoe ja volitatud t\u00f6\u00f6tlejatega s\u00f5lmitud lepingute alusel. Volitatud t\u00f6\u00f6tlejaid on kohustatud tagama isikuandmete t\u00f6\u00f6tlemisel asjakohased kaitsemeetmed.<\/p>\n<h3><strong>Isikuandmetega tutvumine ja parandamine<\/strong><\/h3>\n<p>Isikuandmetega saab tutvuda ja teha parandusi veebipoe kasutajaprofiilis. Veebipoes registreerunud kasutajate kohta s\u00e4ilitame infot, mida nad enda kasutajaprofiili sisestavad. K\u00f5ik kasutajad saavad enda infot igal ajal n\u00e4ha, muuta ja kustuda (erandiks on kasutajanimi, mida ei saa muuta). Seda infot saavad n\u00e4ha ja muuta ka veebisaidi haldurid.<\/p>\n<p>Kui ost on sooritatud ilma kasutajakontota, siis saab tutvuda isikuandmetega klinditoe vahendusel. Sellisel juhul t\u00f6\u00f6deldakse \u00fcksnes ostja enda poolt ostu sooritamisel esitatud isikuandmeid ja ostetud toodete andmeid.<\/p>\n<h3><strong>N\u00f5usoleku tagasiv\u00f5tmine<\/strong><\/h3>\n<p>Kui isikuandmete t\u00f6\u00f6tlemine toimub kliendi n\u00f5usoleku alusel, siis on kliendil \u00f5igus n\u00f5usolek tagasi v\u00f5tta, teavitades sellest kliendituge e-posti teel.<\/p>\n<h3><strong>Isikuandmete s\u00e4ilitamine<\/strong><\/h3>\n<p>Veebipoe kliendikonto sulgemisel kustutatakse isikuandmed, v.a juhul kui selliseid andmeid on vaja s\u00e4ilitada raamatupidamise jaoks, riikliku statistika jaoks v\u00f5i tarbijavaidluste lahendamiseks.<\/p>\n<p>Kui veebipoes on ost sooritatud ilma kliendikontota, siis s\u00e4ilitatakse ostuajalugu kolm aastat.<\/p>\n<p>Maksetega ja tarbijavaidlustega seotud vaidluste korral s\u00e4ilitatakse isikuandmed kuni n\u00f5ude t\u00e4itmiseni v\u00f5i aegumist\u00e4htaja l\u00f5puni.<\/p>\n<p>Raamatupidamise jaoks vajalikud isikuandmed s\u00e4ilitatakse seitse aastat.<\/p>\n<h3><strong>Kustutamine ja \u00fclekandmine<\/strong><\/h3>\n<p>Kui sul on sellel veebisaidil kasutajakonto v\u00f5i oled kirjutanud kommentaare, v\u00f5id taotleda faili meie poolt enda kohta k\u00e4ivate isikuandmetega, sh enda poolt sisestatud info. V\u00f5id ka taotleda k\u00f5igi enda kohta k\u00e4ivate andmete kustutamist. See ei puuduta andmeid, mida oleme kohustatud s\u00e4ilitama halduse, seaduste v\u00f5i turvalisuse vajadustest l\u00e4htuvalt.<\/p>\n<p>Isikuandmete kustutamiseks tuleb v\u00f5tta \u00fchendust klienditoega e-posti teel. Kustutamistaotlusele vastatakse mitte hiljem kui kuu aja jooksul ning t\u00e4psustakse andmete kustutamise perioodi.<\/p>\n<p>E-posti teel esitatud isikuandmete \u00fclekandmise taotlusele vastatakse hiljemalt kuu aja jooksul. Klienditugi tuvastab isikusamasuse ja teavitab isikuandmetest, mis kuuluvad \u00fclekandmisele.<\/p>\n<h3><strong>Otseturustus<\/strong><\/h3>\n<p>E-kirja aadressi ja telefoninumbrit kasutatakse otseturundusteadete saatmiseks, kui klient on andnud vastava n\u00f5usoleku. Kui klient ei soovi saada otseturustusteateid, siis tuleb valida e-kirja jaluses vastav viide v\u00f5i v\u00f5tta \u00fchendust klienditoega.<\/p>\n<p>Kui isikuandmeid t\u00f6\u00f6deldakse otseturunduse eesm\u00e4rgil (profileerimine), on kliendil \u00f5igus oma isikuandmete nii algse kui ka edasise t\u00f6\u00f6tlemise, sealhulgas otseturundusega seotud profiilianal\u00fc\u00fcsi tegemise suhtes igal ajal vastuv\u00e4iteid esitada teavitades sellest kliendituge e-posti teel (vastav teave tuleb esitada selgelt ja eraldi igasugusest muust teabest).<\/p>\n<h3><strong>Vaidluste lahendamine<\/strong><\/h3>\n<p>Isikuandmete t\u00f6\u00f6tlemisega seotud pretensioonid ja k\u00fcsimused v\u00f5ib saata veebipoe aadressile pood@wiruauto.ee.<\/p>\n<p>Isikuandmete t\u00f6\u00f6tlemisega seotud vaidluste lahendamiseks v\u00f5ib andmesubjekt p\u00f6\u00f6rduda Andmekaitse Inspektsiooni (Tatari 39, 10134 Tallinn; +372 627 4135; info@aki.ee; <a href=\"http:\/\/www.aki.ee\">www.aki.ee<\/a>) poole v\u00f5i kohtusse.<\/p>\n","protected":false},"excerpt":{"rendered":"<p>Veebipoe omanik ja isikuandmete vastutav t\u00f6\u00f6tleja on O\u00dc B.R.A.V. \u2013 AA (registrikood 10161282, asukoht Kreutzwaldi 7, Rakvere, 44314 \u200e; telefon \u200e329 5560; e-post info@wiruauto.ee), kelle veebipood asub veebilehel wiruauto.ee (edaspidi Veebipood). Isikuandmete t\u00f6\u00f6tlemise p\u00f5him\u00f5tted on koostatud arvestades m\u00fc\u00fcgitingimusi (vt t\u00e4psemalt m\u00fc\u00fcgitingimused). Andmekaitsespetsialisti \u00fclesandeid t\u00e4idab juhatuse liige, kelle e-post on info@wiruauto.ee ja telefoni number on 329 5560. Isikuandmete t\u00f6\u00f6tlemise eesm\u00e4rk ja ulatus Veebipood t\u00f6\u00f6tleb isikuandmeid lepingu s\u00f5lmimise, lepingu t\u00e4itmise ja lepingust tuleneva \u00f5igusvaidluse lahendamise eesm\u00e4rgil (isikuandmete kaitse \u00fcldm\u00e4\u00e4ruse artikkel 6 lg 1 p f). Andmesubjekti n\u00f5usolekul t\u00f6\u00f6tleb veebipood isikuandmeid otseturunduse eesm\u00e4rgil ning toodete arendamise ja uute toodete v\u00e4ljat\u00f6\u00f6tamise eesm\u00e4rgil (isikuandmete kaitse \u00fcldm\u00e4\u00e4ruse artikkel 6 l\u00f5ige 1 punkt a). Andmesubjekti v\u00f5ib enda n\u00f5usoleku isikuandmete t\u00f6\u00f6tlemiseks sellel eesm\u00e4rgil igal ajal tagasi v\u00f5tta. Seaduses s\u00e4testatud juhul t\u00f6\u00f6tleb veebipood isikuandmeid riikliku statistika kogumise v\u00f5i seadusest tuleneva muu kohustuse (sh raamatupidamise kohustuse, tarbijavaidluste lahendamine, maksuarvestuse kohustuse jms) eesm\u00e4rgil (isikuandmete kaitse \u00fcldm\u00e4\u00e4ruse artikkel 6 l\u00f5ige 1 punkt e). Seaduses s\u00e4testatud juhul v\u00e4ljastab veebipood isikuandmeid kohtu, uurimisasutuse, kohtuv\u00e4lise menetleja v\u00f5i korrakaitseorgani n\u00f5udmisel. Veebipood t\u00f6\u00f6tleb j\u00e4rgmisi isikuandmeid: &#8211; \u00a0ostja nimi, telefoninumber, aadress ja e-posti aadress; &#8211; \u00a0kauba kohaletoimetamise aadress; &#8211; \u00a0maksja pangakonto omaniku nimi ja number; &#8211; \u00a0kaupade ja teenuste maksumus ja maksetega seotud andmed (ostuajalugu); &#8211; \u00a0klienditoesse p\u00f6\u00f6rdumise andmed; &#8211; \u00a0kasutaja veebipoe k\u00fclastamisel kasutatavad seadmed ja tarkvara ning k\u00fclastamise ajalugu; &#8211; \u00a0ostusoovide nimekiri; &#8211; \u00a0ostusoovituste teavituse kohaletoimetamise e-posti aadress. Isikuandmeid kasutatakse kliendi tellimuste haldamiseks, kauba kohaletoimetamiseks, ostusoovide haldamiseks, ostusoovituste tegemiseks ja \u00fcldise sisendina veebipoe edasiarendamiseks. Ostuajaloo andmeid (ostu kuup\u00e4ev, kaup, kogus, kliendi andmed) kasutatakse ostetud kaupade ja teenuste \u00fclevaate koostamiseks ning kliendieelistuste anal\u00fc\u00fcsimiseks. Pangakonto omaniku nime ja numbrit kasutatakse kliendile maksete tagastamiseks. Isikuandmeid nagu e-post, telefoni number, kliendi nimi, t\u00f6\u00f6deldakse selleks, et lahendada kaupade ja teenuste osutamise seonduvaid k\u00fcsimusi (klienditugi). Veebipoe kasutaja IP-aadressi v\u00f5i teisi v\u00f5rguidentifikaatoreid t\u00f6\u00f6deldakse veebipoe kui info\u00fchiskonna teenuse osutamiseks ning veebikasutusstatistika tegemiseks. Isikuandmeid v\u00f5ib kasutada kliendi profiilianal\u00fc\u00fcsi tegemiseks \u00fcksnes andmesubjekti eelneval n\u00f5usolekul. Isikuandmete avaldamine ja avalikustamine Isikuandmeid edastatakse veebipoe klienditoele ostude ja ostuajaloo haldamiseks ja kliendiprobleemide lahendamiseks. Me jagame infot kolmandate osapooltega, kes aitavad meil teie jaoks tellimusi ja poega seonduvaid teenuseid pakkuda; N\u00e4iteks edastame maksete teostamiseks vajalikud isikuandmed volitatud t\u00f6\u00f6tlejatele. Kliendi nime, telefoninumbri \u00a0ja e-posti aadress edastatakse kliendi poolt valitud transporditeenuse pakkujale. Kui tegemist on kulleriga kohale toimetatava kaubaga, siis edastatakse lisaks kontaktandmetele ka kliendi aadress ning kliendi esitatud andmed kauba k\u00e4ttetoimetajale. Kliendi andmed edastatakse raamatupidamisteenust osutavale ettev\u00f5tjale raamatupidamise dokumendite koostamiseks, raamatupidamise arvestuse pidamiseks ning raamatupidamisega seotud juriidliste kohustuste t\u00e4itmiseks. Veebipood v\u00f5ib edastada kliendi isikuandmeid infotehnoloogia teenuste pakkujatele, kui see on vajalik veebipoe funktsionaalsuse v\u00f5i andmemajutuse tagamiseks. Turvalisus ja andmetele ligip\u00e4\u00e4s Isikuandmeid hoitakse teenusepakkujate, kes asuvad Euroopa Liidu liikmesriigi v\u00f5i Euroopa Liidu majanduspiirkonnaga liitunud riikide territooriumil, serverites. Andmeid v\u00f5idakse edastada riikidesse, mille andmekaitse taset on Euroopa Komisjon hinnanud piisavaks ning USA ettev\u00f5tetele, kes on liitunud andmekaitse kilbi (Privacy Shield) raamistikuga. Juurdep\u00e4\u00e4s isikuandmetele on veebipoe t\u00f6\u00f6tajatel, kes saavad isikuandmetega tutvuda selleks, et lahendada veebipoe kasutamisega seonduvaid tehnilisi k\u00fcsimusi ning osutada klienditoe teenust. Veebipood rakendab asjakohaseid f\u00fc\u00fcsilisi, organisatsioonilisi ja infotehnilisi turvameetmeid, et kaitsta isikuandmeid juhusliku v\u00f5i ebaseadusliku h\u00e4vitamise, kaotsimineku, muutmise v\u00f5i loata juurdep\u00e4\u00e4su ja avalikustamise eest. K\u00f5igi isikutega, kellel on juurdep\u00e4\u00e4s isikuandmetele, s\u00f5lmitakse konfidentsiaalsusleping. Isikuandmete edastamine veebipoe volitatud t\u00f6\u00f6tlejatele (nt transporditeenuse pakkuja ja andmemajutus) toimub veebipoe [&hellip;]<\/p>\n","protected":false},"author":1,"featured_media":0,"parent":0,"menu_order":0,"comment_status":"closed","ping_status":"closed","template":"","meta":{"footnotes":""},"class_list":["post-2806","page","type-page","status-publish","hentry"],"_links":{"self":[{"href":"https:\/\/www.wiruauto.ee\/avaleht\/wp-json\/wp\/v2\/pages\/2806","targetHints":{"allow":["GET"]}}],"collection":[{"href":"https:\/\/www.wiruauto.ee\/avaleht\/wp-json\/wp\/v2\/pages"}],"about":[{"href":"https:\/\/www.wiruauto.ee\/avaleht\/wp-json\/wp\/v2\/types\/page"}],"author":[{"embeddable":true,"href":"https:\/\/www.wiruauto.ee\/avaleht\/wp-json\/wp\/v2\/users\/1"}],"replies":[{"embeddable":true,"href":"https:\/\/www.wiruauto.ee\/avaleht\/wp-json\/wp\/v2\/comments?post=2806"}],"version-history":[{"count":5,"href":"https:\/\/www.wiruauto.ee\/avaleht\/wp-json\/wp\/v2\/pages\/2806\/revisions"}],"predecessor-version":[{"id":5409,"href":"https:\/\/www.wiruauto.ee\/avaleht\/wp-json\/wp\/v2\/pages\/2806\/revisions\/5409"}],"wp:attachment":[{"href":"https:\/\/www.wiruauto.ee\/avaleht\/wp-json\/wp\/v2\/media?parent=2806"}],"curies":[{"name":"wp","href":"https:\/\/api.w.org\/{rel}","templated":true}]}}