{"id":794,"date":"2017-03-14T22:35:49","date_gmt":"2017-03-14T20:35:49","guid":{"rendered":"http:\/\/www.wiruauto.ee\/?page_id=794"},"modified":"2025-11-24T15:12:59","modified_gmt":"2025-11-24T13:12:59","slug":"teenindus","status":"publish","type":"page","link":"https:\/\/www.wiruauto.ee\/avaleht\/teenindus\/","title":{"rendered":"Teenindus"},"content":{"rendered":"<div id=\"pl-794\"  class=\"panel-layout\" ><div id=\"pg-794-0\"  class=\"panel-grid panel-no-style\" ><div id=\"pgc-794-0-0\"  class=\"panel-grid-cell\" ><div id=\"panel-794-0-0-0\" class=\"so-panel widget widget_text panel-first-child panel-last-child\" data-index=\"0\" >\t\t\t<div class=\"textwidget\"><h1 class=\"uppercase strong\">Remondi-ja hooldust\u00f6\u00f6d Wiru Autos <\/h1>\n\n<p>Wiru Auto esindus pakub kvaliteetset hooldust vastavalt tootja standarditele. Pole t\u00e4htis, kui vana on teie s\u00f5iduk \u2013 meie tehnikud tunnevad teie autot k\u00f5ige paremini.<\/p>\n<p>Pakume remondi- ja hooldust\u00f6id <span class=\"accent-color\">Nissanile, Peugeot'le, Citro\u00ebnile, Renault'le, Daciale ja Mercedes-Benzi<\/span> tarbes\u00f5idukitele.\nHooldamine ametlikus esinduses tagab mitmeid eeliseid \u2013 teie s\u00f5iduk p\u00fcsib alati parimas seisukorras, s\u00e4ilitab k\u00f5rge v\u00e4\u00e4rtuse ning k\u00f5ik t\u00f6\u00f6d tehakse garantii tingimustele vastavalt.<\/p>\n<\/div>\n\t\t<\/div><\/div><div id=\"pgc-794-0-1\"  class=\"panel-grid-cell\" ><div id=\"panel-794-0-1-0\" class=\"so-panel widget widget_media_image panel-first-child panel-last-child\" data-index=\"1\" ><img loading=\"lazy\" decoding=\"async\" width=\"602\" height=\"335\" src=\"https:\/\/www.wiruauto.ee\/wp-content\/uploads\/2025\/06\/Pilt1.jpg\" class=\"image wp-image-10791  attachment-full size-full\" alt=\"Wiru Auto teenindus\" style=\"max-width: 100%; height: auto;\" \/><\/div><\/div><\/div><div id=\"pg-794-1\"  class=\"panel-grid panel-no-style\" ><div id=\"pgc-794-1-0\"  class=\"panel-grid-cell\" ><div id=\"panel-794-1-0-0\" class=\"so-panel widget widget_text panel-first-child panel-last-child\" data-index=\"2\" >\t\t\t<div class=\"textwidget\"><h1 class=\"uppercase strong\">Garantii<\/h1>\n\n<p>Wiru Auto ametlik margiesindus tagab, et k\u00f5ik meie poolt m\u00fc\u00fcdavad ja hooldatavad s\u00f5idukid vastavad k\u00f5rgeimatele kvaliteedistandarditele. Iga uue auto ostuga kaasneb tootjapoolne garantii, mis annab teile meelerahu ning kaitse ootamatute tehniliste probleemide eest.<\/p>\n<p>Regulaarne hooldus meie teeninduses tagab, et garantii j\u00e4\u00e4b kehtima ja teie s\u00f5iduk p\u00fcsib parimas seisukorras. Kasutame ainult originaalvaruosi ja tootja juhistele vastavat tehnoloogiat.\nLisaks on v\u00f5imalik pikendada garantii kehtivust vastavalt teie vajadustele, et tagada pikaajaline kindlustunne ka p\u00e4rast standardse garantiiaja l\u00f5ppu.*\n<\/p>\n<\/div>\n\t\t<\/div><\/div><\/div><div id=\"pg-794-2\"  class=\"panel-grid panel-no-style\" ><div id=\"pgc-794-2-0\"  class=\"panel-grid-cell\" ><div id=\"panel-794-2-0-0\" class=\"so-panel widget widget_text panel-first-child panel-last-child\" data-index=\"3\" >\t\t\t<div class=\"textwidget\"><h1 class=\"uppercase strong\">Varuosad<\/h1>\n\n<p>Te ei pruugi seda alati m\u00e4rgata, kuid tunnete kindlasti erinevust \u2013 teie auto t\u00f6\u00f6tab parimal viisil, kui kasutate tehase poolt heaks kiidetud originaalvaruosi.<\/p>\n<p>Wiru Auto teeninduses valime teie s\u00f5idukile k\u00f5ige sobivamad osad, l\u00e4htudes s\u00f5iduki VIN-koodist. Meie poolt paigaldatud varuosadele kehtib garantii, pakkudes teile t\u00e4iendavat kindlustunnet.\n<br>*Lisaks on v\u00f5imalus tellida ja paigaldada B-varuosi.<\/p>\n<\/div>\n\t\t<\/div><\/div><div id=\"pgc-794-2-1\"  class=\"panel-grid-cell\" ><div id=\"panel-794-2-1-0\" class=\"so-panel widget widget_media_image panel-first-child panel-last-child\" data-index=\"4\" ><img loading=\"lazy\" decoding=\"async\" width=\"602\" height=\"338\" src=\"https:\/\/www.wiruauto.ee\/wp-content\/uploads\/2025\/06\/Pilt2.png\" class=\"image wp-image-10792  attachment-full size-full\" alt=\"\" style=\"max-width: 100%; height: auto;\" \/><\/div><\/div><\/div><div id=\"pg-794-3\"  class=\"panel-grid panel-no-style\" ><div id=\"pgc-794-3-0\"  class=\"panel-grid-cell\" ><div id=\"panel-794-3-0-0\" class=\"so-panel widget widget_text panel-first-child panel-last-child\" data-index=\"5\" >\t\t\t<div class=\"textwidget\"><h1 class=\"uppercase strong\">Rehvid<\/h1>\n\n<p><b>Teie broneerite aja ja meie hoolitseme k\u00f5ige muu eest.<\/b><\/p>\nMeilt saad:\n<ul style=\"list-style-type: square; margin-left: 20px;\">\n<li>soodsa hinnaga uued rehvid v\u00f5i rattad,<\/li>\n<li>kiire ja professionaalse rehvide vahetuse,<\/li>\n<li>v\u00f5imaluse kasutada rehvihotelli, kus saate rehve hooajaliselt hoiustada.<\/li>\n<\/ul><\/div>\n\t\t<\/div><\/div><div id=\"pgc-794-3-1\"  class=\"panel-grid-cell\" ><div id=\"panel-794-3-1-0\" class=\"so-panel widget widget_media_image panel-first-child panel-last-child\" data-index=\"6\" ><img loading=\"lazy\" decoding=\"async\" width=\"1196\" height=\"619\" src=\"https:\/\/www.wiruauto.ee\/wp-content\/uploads\/2025\/06\/Pilt3.jpg\" class=\"image wp-image-10793  attachment-full size-full\" alt=\"Wiru Auto rehvid\" style=\"max-width: 100%; height: auto;\" \/><\/div><\/div><\/div><div id=\"pg-794-4\"  class=\"panel-grid panel-no-style\" ><div id=\"pgc-794-4-0\"  class=\"panel-grid-cell\" ><div id=\"panel-794-4-0-0\" class=\"so-panel widget widget_text panel-first-child panel-last-child\" data-index=\"7\" >\t\t\t<div class=\"textwidget\"><h1 class=\"uppercase strong\">Diagnostika<\/h1>\n\n<p>Kaasaegne auto on varustatud keerukate s\u00fcsteemidega, mis n\u00f5uavad t\u00e4pset ja professionaalset l\u00e4henemist. Wiru Auto diagnostikateenus aitab kiiresti ja t\u00e4pselt tuvastada teie s\u00f5iduki v\u00f5imalikud vead ning lahendada need enne, kui need muutuvad t\u00f5sisemaks probleemiks. Meie diagnostikaseadmed vastavad tootjate standarditele, mis tagab, et teie auto saab parimat v\u00f5imalikku hooldust.<\/p>\n<\/div>\n\t\t<\/div><\/div><div id=\"pgc-794-4-1\"  class=\"panel-grid-cell\" ><div id=\"panel-794-4-1-0\" class=\"so-panel widget widget_media_image panel-first-child panel-last-child\" data-index=\"8\" ><img loading=\"lazy\" decoding=\"async\" width=\"600\" height=\"337\" src=\"https:\/\/www.wiruauto.ee\/wp-content\/uploads\/2025\/06\/Pilt4.jpg\" class=\"image wp-image-10794  attachment-full size-full\" alt=\"autode diagnostika\" style=\"max-width: 100%; height: auto;\" \/><\/div><\/div><\/div><div id=\"pg-794-5\"  class=\"panel-grid panel-no-style\" ><div id=\"pgc-794-5-0\"  class=\"panel-grid-cell\" ><div id=\"panel-794-5-0-0\" class=\"so-panel widget widget_text panel-first-child panel-last-child\" data-index=\"9\" >\t\t\t<div class=\"textwidget\"><hr class=\"fw\" \/>\n<h1 class=\"uppercase strong\">Broneeri aeg<\/h1>\n<strong>Vormi t\u00e4itmine ei kohusta Teid tingimata teenindust tellima, kuid Teiega v\u00f5etakse \u00fchendust ja antakse vajalikku t\u00e4psemat informatsiooni.<\/strong><\/div>\n\t\t<\/div><\/div><\/div><div id=\"pg-794-6\"  class=\"panel-grid panel-no-style\" ><div id=\"pgc-794-6-0\"  class=\"panel-grid-cell\" ><div id=\"panel-794-6-0-0\" class=\"so-panel widget widget_text panel-first-child\" data-index=\"10\" >\t\t\t<div class=\"textwidget\">\n<div class=\"wpcf7 no-js\" id=\"wpcf7-f791-o1\" lang=\"et\" dir=\"ltr\" data-wpcf7-id=\"791\">\n<div class=\"screen-reader-response\"><p role=\"status\" aria-live=\"polite\" aria-atomic=\"true\"><\/p> <ul><\/ul><\/div>\n<form action=\"\/avaleht\/wp-json\/wp\/v2\/pages\/794#wpcf7-f791-o1\" method=\"post\" class=\"wpcf7-form init\" aria-label=\"Contact form\" novalidate=\"novalidate\" data-status=\"init\">\n<fieldset class=\"hidden-fields-container\"><input type=\"hidden\" name=\"_wpcf7\" value=\"791\" \/><input type=\"hidden\" name=\"_wpcf7_version\" value=\"6.1.4\" \/><input type=\"hidden\" name=\"_wpcf7_locale\" value=\"et\" \/><input type=\"hidden\" name=\"_wpcf7_unit_tag\" value=\"wpcf7-f791-o1\" \/><input type=\"hidden\" name=\"_wpcf7_container_post\" value=\"0\" \/><input type=\"hidden\" name=\"_wpcf7_posted_data_hash\" value=\"\" \/>\n<\/fieldset>\n<div class=\"col-md-6\">\n\t<p><label> Nimi (n\u00f5utav)<br \/>\n<span class=\"wpcf7-form-control-wrap\" data-name=\"your-name\"><input size=\"40\" maxlength=\"400\" class=\"wpcf7-form-control wpcf7-text wpcf7-validates-as-required\" aria-required=\"true\" aria-invalid=\"false\" value=\"\" type=\"text\" name=\"your-name\" \/><\/span> <\/label>\n\t<\/p>\n\t<p><label> E-mail (n\u00f5utav)<br \/>\n<span class=\"wpcf7-form-control-wrap\" data-name=\"your-email\"><input size=\"40\" maxlength=\"400\" class=\"wpcf7-form-control wpcf7-email wpcf7-validates-as-required wpcf7-text wpcf7-validates-as-email\" aria-required=\"true\" aria-invalid=\"false\" value=\"\" type=\"email\" name=\"your-email\" \/><\/span> <\/label>\n\t<\/p>\n\t<p><label> Telefon<br \/>\n<span class=\"wpcf7-form-control-wrap\" data-name=\"your-tel\"><input size=\"40\" maxlength=\"400\" class=\"wpcf7-form-control wpcf7-tel wpcf7-text wpcf7-validates-as-tel\" aria-invalid=\"false\" value=\"\" type=\"tel\" name=\"your-tel\" \/><\/span> <\/label>\n\t<\/p>\n\t<p><label> Automark (n\u00f5utav)<br \/>\n<span class=\"wpcf7-form-control-wrap\" data-name=\"Automark\"><input size=\"40\" maxlength=\"400\" class=\"wpcf7-form-control wpcf7-text wpcf7-validates-as-required\" aria-required=\"true\" aria-invalid=\"false\" value=\"\" type=\"text\" name=\"Automark\" \/><\/span> <\/label>\n\t<\/p>\n\t<p><label> Registreerimisnumber (n\u00f5utav)<br \/>\n<span class=\"wpcf7-form-control-wrap\" data-name=\"reg\"><input size=\"40\" maxlength=\"400\" class=\"wpcf7-form-control wpcf7-text wpcf7-validates-as-required\" aria-required=\"true\" aria-invalid=\"false\" value=\"\" type=\"text\" name=\"reg\" \/><\/span> <\/label>\n\t<\/p>\n\t<p><label> Spidomeetrin\u00e4it<br \/>\n<span class=\"wpcf7-form-control-wrap\" data-name=\"spido\"><input size=\"40\" maxlength=\"400\" class=\"wpcf7-form-control wpcf7-text\" aria-invalid=\"false\" value=\"\" type=\"text\" name=\"spido\" \/><\/span> <\/label>\n\t<\/p>\n<\/div>\n<div class=\"col-md-6\">\n\t<p><label> Soovitav teeninduse aeg (n\u00f5utav):<br \/>\n<span class=\"wpcf7-form-control-wrap\" data-name=\"date-372\"><input class=\"wpcf7-form-control wpcf7-date wpcf7-validates-as-required wpcf7-validates-as-date\" aria-required=\"true\" aria-invalid=\"false\" value=\"\" type=\"date\" name=\"date-372\" \/><\/span> <\/label>\n\t<\/p>\n\t<p><span style=\"font-weight: normal\">Soovin j\u00e4rgmiseid teenuseid<\/span><br \/>\n<span class=\"wpcf7-form-control-wrap\" data-name=\"radio-53\"><span class=\"wpcf7-form-control wpcf7-radio\"><span class=\"wpcf7-list-item first\"><label><input type=\"radio\" name=\"radio-53\" value=\"Korraline hooldus\" checked=\"checked\" \/><span class=\"wpcf7-list-item-label\">Korraline hooldus<\/span><\/label><\/span><span class=\"wpcf7-list-item last\"><label><input type=\"radio\" name=\"radio-53\" value=\"Remont\" \/><span class=\"wpcf7-list-item-label\">Remont<\/span><\/label><\/span><\/span><\/span>\n\t<\/p>\n\t<p><label> Veakirjeldus<br \/>\n<span class=\"wpcf7-form-control-wrap\" data-name=\"your-viga\"><input size=\"40\" maxlength=\"400\" class=\"wpcf7-form-control wpcf7-text\" aria-invalid=\"false\" value=\"\" type=\"text\" name=\"your-viga\" \/><\/span> <\/label>\n\t<\/p>\n\t<p><label> Teade<br \/>\n<span class=\"wpcf7-form-control-wrap\" data-name=\"your-message\"><textarea cols=\"40\" rows=\"10\" maxlength=\"2000\" class=\"wpcf7-form-control wpcf7-textarea\" aria-invalid=\"false\" name=\"your-message\"><\/textarea><\/span> <\/label>\n\t<\/p>\n\t<p><label> Oled sa inimene? Sisesta kood!<br \/>\n<input type=\"hidden\" name=\"_wpcf7_captcha_challenge_captcha-1\" value=\"1310242566\" \/><img loading=\"lazy\" decoding=\"async\" class=\"wpcf7-form-control wpcf7-captchac wpcf7-captcha-captcha-1\" width=\"72\" height=\"24\" alt=\"captcha\" src=\"https:\/\/www.wiruauto.ee\/wp-content\/uploads\/wpcf7_captcha\/1310242566.png\" \/> <span class=\"wpcf7-form-control-wrap\" data-name=\"captcha-1\"><input size=\"40\" class=\"wpcf7-form-control wpcf7-captchar\" autocomplete=\"off\" aria-invalid=\"false\" value=\"\" type=\"text\" name=\"captcha-1\" \/><\/span> <\/label>\n\t<\/p>\n\t<p><input class=\"wpcf7-form-control wpcf7-submit has-spinner\" type=\"submit\" value=\"Saada\" \/>\n\t<\/p>\n<\/div><div class=\"wpcf7-response-output\" aria-hidden=\"true\"><\/div>\n<\/form>\n<\/div>\n\n<\/div>\n\t\t<\/div><div id=\"panel-794-6-0-1\" class=\"widget_text so-panel widget widget_custom_html panel-last-child\" data-index=\"11\" ><div class=\"textwidget custom-html-widget\"><hr><\/div><\/div><\/div><\/div><div id=\"pg-794-7\"  class=\"panel-grid panel-no-style\" ><div id=\"pgc-794-7-0\"  class=\"panel-grid-cell\" ><div id=\"panel-794-7-0-0\" class=\"so-panel widget widget_text panel-first-child panel-last-child\" data-index=\"12\" >\t\t\t<div class=\"textwidget\"><h1 class=\"uppercase strong\">Autoabi<\/h1><\/div>\n\t\t<\/div><\/div><\/div><div id=\"pg-794-8\"  class=\"panel-grid panel-no-style\" ><div id=\"pgc-794-8-0\"  class=\"panel-grid-cell\" ><div id=\"panel-794-8-0-0\" class=\"so-panel widget widget_sow-cta panel-first-child\" data-index=\"13\" ><div class=\"so-rounded panel-widget-style panel-widget-style-for-794-8-0-0\" ><div\n\t\t\t\n\t\t\tclass=\"so-widget-sow-cta so-widget-sow-cta-default-c0cce6d4d86a-794\"\n\t\t\t\n\t\t><div\n\tclass=\"sow-cta-base\"\n\t>\n\t\n\t<div class=\"sow-cta-wrapper\">\n\n\t\t<div class=\"sow-cta-text\">\n\t\t\t\t\t\t\t<h3 class=\"sow-cta-title\">\n\t\t\t\t\tNissan assistance\t\t\t\t<\/h3>\n\t\t\t\n\t\t\t\t\t\t\t<h3 class=\"sow-cta-subtitle\">\n\t\t\t\t\t+372 606 4070\t\t\t\t<\/h3>\n\t\t\t\t\t<\/div>\n\n\t\t<div\n\t\t\t\n\t\t\tclass=\"so-widget-sow-button so-widget-sow-button-flat-ac6c4deec71c\"\n\t\t\t\n\t\t><div class=\"ow-button-base ow-button-align-center\"\n>\n\t\t\t<a\n\t\t\t\t\thref=\"tel:+3526064070\"\n\t\t\t\t\tclass=\"sowb-button ow-icon-placement-right ow-button-hover\" \t>\n\t\t<span>\n\t\t\t<span class=\"sow-icon-fontawesome sow-fas\" data-sow-icon=\"&#xf095;\"\n\t\tstyle=\"\" \n\t\taria-hidden=\"true\"><\/span>\n\t\t\t\t\t<\/span>\n\t\t\t<\/a>\n\t<\/div>\n<\/div>\n\t<\/div>\n\n\t<\/div>\n<\/div><\/div><\/div><div id=\"panel-794-8-0-1\" class=\"so-panel widget widget_sow-cta panel-last-child\" data-index=\"14\" ><div class=\"so-rounded panel-widget-style panel-widget-style-for-794-8-0-1\" ><div\n\t\t\t\n\t\t\tclass=\"so-widget-sow-cta so-widget-sow-cta-default-c0cce6d4d86a-794\"\n\t\t\t\n\t\t><div\n\tclass=\"sow-cta-base\"\n\t>\n\t\n\t<div class=\"sow-cta-wrapper\">\n\n\t\t<div class=\"sow-cta-text\">\n\t\t\t\t\t\t\t<h3 class=\"sow-cta-title\">\n\t\t\t\t\tRenault ja Dacia assistance\t\t\t\t<\/h3>\n\t\t\t\n\t\t\t\t\t\t\t<h3 class=\"sow-cta-subtitle\">\n\t\t\t\t\t+372 674 7777\t\t\t\t<\/h3>\n\t\t\t\t\t<\/div>\n\n\t\t<div\n\t\t\t\n\t\t\tclass=\"so-widget-sow-button so-widget-sow-button-flat-ac6c4deec71c\"\n\t\t\t\n\t\t><div class=\"ow-button-base ow-button-align-center\"\n>\n\t\t\t<a\n\t\t\t\t\thref=\"tel:+3726747777\"\n\t\t\t\t\tclass=\"sowb-button ow-icon-placement-right ow-button-hover\" \t>\n\t\t<span>\n\t\t\t<span class=\"sow-icon-fontawesome sow-fas\" data-sow-icon=\"&#xf095;\"\n\t\tstyle=\"\" \n\t\taria-hidden=\"true\"><\/span>\n\t\t\t\t\t<\/span>\n\t\t\t<\/a>\n\t<\/div>\n<\/div>\n\t<\/div>\n\n\t<\/div>\n<\/div><\/div><\/div><\/div><div id=\"pgc-794-8-1\"  class=\"panel-grid-cell\" ><div id=\"panel-794-8-1-0\" class=\"so-panel widget widget_sow-cta panel-first-child\" data-index=\"15\" ><div class=\"so-rounded panel-widget-style panel-widget-style-for-794-8-1-0\" ><div\n\t\t\t\n\t\t\tclass=\"so-widget-sow-cta so-widget-sow-cta-default-c0cce6d4d86a-794\"\n\t\t\t\n\t\t><div\n\tclass=\"sow-cta-base\"\n\t>\n\t\n\t<div class=\"sow-cta-wrapper\">\n\n\t\t<div class=\"sow-cta-text\">\n\t\t\t\t\t\t\t<h3 class=\"sow-cta-title\">\n\t\t\t\t\tCitro\u00ebn assistance\t\t\t\t<\/h3>\n\t\t\t\n\t\t\t\t\t\t\t<h3 class=\"sow-cta-subtitle\">\n\t\t\t\t\t+372 697 9197\t\t\t\t<\/h3>\n\t\t\t\t\t<\/div>\n\n\t\t<div\n\t\t\t\n\t\t\tclass=\"so-widget-sow-button so-widget-sow-button-flat-ac6c4deec71c\"\n\t\t\t\n\t\t><div class=\"ow-button-base ow-button-align-center\"\n>\n\t\t\t<a\n\t\t\t\t\thref=\"tel:+3726979197\"\n\t\t\t\t\tclass=\"sowb-button ow-icon-placement-right ow-button-hover\" \t>\n\t\t<span>\n\t\t\t<span class=\"sow-icon-fontawesome sow-fas\" data-sow-icon=\"&#xf095;\"\n\t\tstyle=\"\" \n\t\taria-hidden=\"true\"><\/span>\n\t\t\t\t\t<\/span>\n\t\t\t<\/a>\n\t<\/div>\n<\/div>\n\t<\/div>\n\n\t<\/div>\n<\/div><\/div><\/div><div id=\"panel-794-8-1-1\" class=\"so-panel widget widget_sow-cta panel-last-child\" data-index=\"16\" ><div class=\"so-rounded panel-widget-style panel-widget-style-for-794-8-1-1\" ><div\n\t\t\t\n\t\t\tclass=\"so-widget-sow-cta so-widget-sow-cta-default-e647a282a387-794\"\n\t\t\t\n\t\t><div\n\tclass=\"sow-cta-base\"\n\t>\n\t\n\t<div class=\"sow-cta-wrapper\">\n\n\t\t<div class=\"sow-cta-text\">\n\t\t\t\t\t\t\t<h3 class=\"sow-cta-title\">\n\t\t\t\t\tMercedes-Benz Service\t\t\t\t<\/h3>\n\t\t\t\n\t\t\t\t\t\t\t<h3 class=\"sow-cta-subtitle\">\n\t\t\t\t\t00800 3 777 7777 v\u00f5i +372 88 01 588\t\t\t\t<\/h3>\n\t\t\t\t\t<\/div>\n\n\t\t<div\n\t\t\t\n\t\t\tclass=\"so-widget-sow-button so-widget-sow-button-flat-ac6c4deec71c\"\n\t\t\t\n\t\t><div class=\"ow-button-base ow-button-align-center\"\n>\n\t\t\t<a\n\t\t\t\t\thref=\"tel:0080037777777\"\n\t\t\t\t\tclass=\"sowb-button ow-icon-placement-right ow-button-hover\" \t>\n\t\t<span>\n\t\t\t<span class=\"sow-icon-fontawesome sow-fas\" data-sow-icon=\"&#xf095;\"\n\t\tstyle=\"\" \n\t\taria-hidden=\"true\"><\/span>\n\t\t\t\t\t<\/span>\n\t\t\t<\/a>\n\t<\/div>\n<\/div>\n\t<\/div>\n\n\t<\/div>\n<\/div><\/div><\/div><\/div><div id=\"pgc-794-8-2\"  class=\"panel-grid-cell\" ><div id=\"panel-794-8-2-0\" class=\"so-panel widget widget_sow-cta panel-first-child panel-last-child\" data-index=\"17\" ><div class=\"so-rounded panel-widget-style panel-widget-style-for-794-8-2-0\" ><div\n\t\t\t\n\t\t\tclass=\"so-widget-sow-cta so-widget-sow-cta-default-c0cce6d4d86a-794\"\n\t\t\t\n\t\t><div\n\tclass=\"sow-cta-base\"\n\t>\n\t\n\t<div class=\"sow-cta-wrapper\">\n\n\t\t<div class=\"sow-cta-text\">\n\t\t\t\t\t\t\t<h3 class=\"sow-cta-title\">\n\t\t\t\t\tPeugeot assistance\t\t\t\t<\/h3>\n\t\t\t\n\t\t\t\t\t\t\t<h3 class=\"sow-cta-subtitle\">\n\t\t\t\t\t+372 697 9174\t\t\t\t<\/h3>\n\t\t\t\t\t<\/div>\n\n\t\t<div\n\t\t\t\n\t\t\tclass=\"so-widget-sow-button so-widget-sow-button-flat-ac6c4deec71c\"\n\t\t\t\n\t\t><div class=\"ow-button-base ow-button-align-center\"\n>\n\t\t\t<a\n\t\t\t\t\thref=\"tel:+3726979174\"\n\t\t\t\t\tclass=\"sowb-button ow-icon-placement-right ow-button-hover\" \t>\n\t\t<span>\n\t\t\t<span class=\"sow-icon-fontawesome sow-fas\" data-sow-icon=\"&#xf095;\"\n\t\tstyle=\"\" \n\t\taria-hidden=\"true\"><\/span>\n\t\t\t\t\t<\/span>\n\t\t\t<\/a>\n\t<\/div>\n<\/div>\n\t<\/div>\n\n\t<\/div>\n<\/div><\/div><\/div><\/div><\/div><div id=\"pg-794-9\"  class=\"panel-grid panel-no-style\" ><div id=\"pgc-794-9-0\"  class=\"panel-grid-cell\" ><div id=\"panel-794-9-0-0\" class=\"so-panel widget widget_text panel-first-child panel-last-child\" data-index=\"18\" >\t\t\t<div class=\"textwidget\"><hr class=\"fw\" \/>\n\n*Varuosadele kehtiva garantii kohta k\u00fcsi t\u00e4psemat infot meie hooldusn\u00f5unikutelt<br>\n* Lisagarantii kohta saab k\u00fcsida lisainfot meie hooldusn\u00f5unikutelt <\/div>\n\t\t<\/div><\/div><\/div><\/div>","protected":false},"excerpt":{"rendered":"<p>Remondi-ja hooldust\u00f6\u00f6d Wiru Autos Wiru Auto esindus pakub kvaliteetset hooldust vastavalt tootja standarditele. Pole t\u00e4htis, kui vana on teie s\u00f5iduk \u2013 meie tehnikud tunnevad teie autot k\u00f5ige paremini. Pakume remondi- ja hooldust\u00f6id Nissanile, Peugeot&#8217;le, Citro\u00ebnile, Renault&#8217;le, Daciale ja Mercedes-Benzi tarbes\u00f5idukitele. Hooldamine ametlikus esinduses tagab mitmeid eeliseid \u2013 teie s\u00f5iduk p\u00fcsib alati parimas seisukorras, s\u00e4ilitab k\u00f5rge v\u00e4\u00e4rtuse ning k\u00f5ik t\u00f6\u00f6d tehakse garantii tingimustele vastavalt. Garantii Wiru Auto ametlik margiesindus tagab, et k\u00f5ik meie poolt m\u00fc\u00fcdavad ja hooldatavad s\u00f5idukid vastavad k\u00f5rgeimatele kvaliteedistandarditele. Iga uue auto ostuga kaasneb tootjapoolne garantii, mis annab teile meelerahu ning kaitse ootamatute tehniliste probleemide eest. Regulaarne hooldus meie teeninduses tagab, et garantii j\u00e4\u00e4b kehtima ja teie s\u00f5iduk p\u00fcsib parimas seisukorras. Kasutame ainult originaalvaruosi ja tootja juhistele vastavat tehnoloogiat. Lisaks on v\u00f5imalik pikendada garantii kehtivust vastavalt teie vajadustele, et tagada pikaajaline kindlustunne ka p\u00e4rast standardse garantiiaja l\u00f5ppu.*<\/p>\n","protected":false},"author":1,"featured_media":0,"parent":0,"menu_order":0,"comment_status":"closed","ping_status":"closed","template":"","meta":{"footnotes":""},"class_list":["post-794","page","type-page","status-publish","hentry"],"_links":{"self":[{"href":"https:\/\/www.wiruauto.ee\/avaleht\/wp-json\/wp\/v2\/pages\/794","targetHints":{"allow":["GET"]}}],"collection":[{"href":"https:\/\/www.wiruauto.ee\/avaleht\/wp-json\/wp\/v2\/pages"}],"about":[{"href":"https:\/\/www.wiruauto.ee\/avaleht\/wp-json\/wp\/v2\/types\/page"}],"author":[{"embeddable":true,"href":"https:\/\/www.wiruauto.ee\/avaleht\/wp-json\/wp\/v2\/users\/1"}],"replies":[{"embeddable":true,"href":"https:\/\/www.wiruauto.ee\/avaleht\/wp-json\/wp\/v2\/comments?post=794"}],"version-history":[{"count":5,"href":"https:\/\/www.wiruauto.ee\/avaleht\/wp-json\/wp\/v2\/pages\/794\/revisions"}],"predecessor-version":[{"id":11341,"href":"https:\/\/www.wiruauto.ee\/avaleht\/wp-json\/wp\/v2\/pages\/794\/revisions\/11341"}],"wp:attachment":[{"href":"https:\/\/www.wiruauto.ee\/avaleht\/wp-json\/wp\/v2\/media?parent=794"}],"curies":[{"name":"wp","href":"https:\/\/api.w.org\/{rel}","templated":true}]}}