{"id":83,"date":"2015-04-23T07:51:06","date_gmt":"2015-04-23T07:51:06","guid":{"rendered":"http:\/\/imicreationlive.com\/autostars\/?page_id=83"},"modified":"2024-12-21T18:12:28","modified_gmt":"2024-12-21T16:12:28","slug":"meist","status":"publish","type":"page","link":"https:\/\/www.wiruauto.ee\/avaleht\/kontakt\/meist\/","title":{"rendered":"Meist"},"content":{"rendered":"<div id=\"pl-83\"  class=\"panel-layout\" ><div id=\"pg-83-0\"  class=\"panel-grid panel-no-style\" ><div id=\"pgc-83-0-0\"  class=\"panel-grid-cell\" ><div id=\"panel-83-0-0-0\" class=\"so-panel widget widget_sow-editor panel-first-child panel-last-child\" data-index=\"0\" ><div\n\t\t\t\n\t\t\tclass=\"so-widget-sow-editor so-widget-sow-editor-base\"\n\t\t\t\n\t\t>\n<div class=\"siteorigin-widget-tinymce textwidget\">\n\t<p><h1 class=\"uppercase strong\">Meist<\/h1><p class=\"lead\">Tere tulemast Wiru Autosse, kus kohtuvad kvaliteetsed s\u00f5idukid ning suurep\u00e4rane teenindus.  <\/p><\/p>\n<p>Meil on olnud r\u00f5\u00f5m olla usaldusv\u00e4\u00e4rne partner nii uute kui kasutatud s\u00f5idukite vahendamisel ja hooldamisel juba \u00fcle 20 aasta. Kujundame oma valikut hoolega, et iga\u00fcks leiaks enda elustiili ja eelarvega sobiva s\u00f5iduki.<\/p>\n<p>Wiru Autos usume, et s\u00f5iduki soetamine ei ole mitte lihtsalt ost, vaid partnerluse loomine. Seet\u00f5ttu on meie p\u00fchendunud meeskond teie k\u00f5rval kogu protsess v\u00e4ltel, aidates hinnata olemasoleva s\u00f5iduki v\u00e4\u00e4rtust, leides sobivaima pakkumise koos finantslahendusega ning kandes hoolt teie s\u00f5iduki eest ka tulevikus.<\/p>\n<p>Meie valikusse kuuluvad viis tuntud automarki: Nissan, Renault, Peugeot, Dacia ja Citro\u00ebn, kuid lisaks nimetatud automarkidele leidub hulgaliselt erinevat sorti kasutatud s\u00f5idukeid. Lai br\u00e4ndivalik v\u00f5imaldab meil m\u00f5ista teie vajadusi ja keskenduda parima lahenduse leidmisele.<\/p>\n<p>Lisaks autom\u00fc\u00fcgile pakume hoolduse ja garantiiremondi t\u00e4isteenust, et tagada teie s\u00f5iduki pikaajaline t\u00f6\u00f6kindlus ja turvalisus. Oleme ka ametlik partner Mercedes-Benz Van-autode hooldusel ja garantiiremondis. Meie teenindusmeeskond koosneb sertifitseeritud spetsialistidest, kes kasutavad tipptasemel tehnikat, mist\u00f5ttu on teie s\u00f5iduk kindlates k\u00e4tes.<\/p>\n<p>Meie jaoks on oluline, et teie s\u00f5idukogemus oleks sujuv ning toetaks meeldivalt teie igap\u00e4evaelu. Seet\u00f5ttu tagavadki Wiru Auto kogemus ja p\u00fchendumus, et nii s\u00f5iduki ost kui ka hooldus on lihtne ja mugav. <\/p>\n<p>Ootame teid k\u00fclastama! Teekond algab siit!<\/p>\n<\/div>\n<\/div><\/div><\/div><\/div><\/div>","protected":false},"excerpt":{"rendered":"<p>Meil on olnud r\u00f5\u00f5m olla usaldusv\u00e4\u00e4rne partner nii uute kui kasutatud s\u00f5idukite vahendamisel ja hooldamisel juba \u00fcle 20 aasta. Kujundame oma valikut hoolega, et iga\u00fcks leiaks enda elustiili ja eelarvega sobiva s\u00f5iduki. Wiru Autos usume, et s\u00f5iduki soetamine ei ole mitte lihtsalt ost, vaid partnerluse loomine. Seet\u00f5ttu on meie p\u00fchendunud meeskond teie k\u00f5rval kogu protsess v\u00e4ltel, aidates hinnata olemasoleva s\u00f5iduki v\u00e4\u00e4rtust, leides sobivaima pakkumise koos finantslahendusega ning kandes hoolt teie s\u00f5iduki eest ka tulevikus. Meie valikusse kuuluvad viis tuntud automarki: Nissan, Renault, Peugeot, Dacia ja Citro\u00ebn, kuid lisaks nimetatud automarkidele leidub hulgaliselt erinevat sorti kasutatud s\u00f5idukeid. Lai br\u00e4ndivalik v\u00f5imaldab meil m\u00f5ista teie vajadusi ja keskenduda parima lahenduse leidmisele. Lisaks autom\u00fc\u00fcgile pakume hoolduse ja garantiiremondi t\u00e4isteenust, et tagada teie s\u00f5iduki pikaajaline t\u00f6\u00f6kindlus ja turvalisus. Oleme ka ametlik partner Mercedes-Benz Van-autode hooldusel ja garantiiremondis. Meie teenindusmeeskond koosneb sertifitseeritud spetsialistidest, kes kasutavad tipptasemel tehnikat, mist\u00f5ttu on teie s\u00f5iduk kindlates k\u00e4tes. Meie jaoks on oluline, et teie s\u00f5idukogemus oleks sujuv ning toetaks meeldivalt teie igap\u00e4evaelu. Seet\u00f5ttu tagavadki Wiru Auto kogemus ja p\u00fchendumus, et nii s\u00f5iduki ost kui ka hooldus on lihtne ja mugav. Ootame teid k\u00fclastama! Teekond algab siit!<\/p>\n","protected":false},"author":1,"featured_media":0,"parent":86,"menu_order":0,"comment_status":"open","ping_status":"open","template":"","meta":{"footnotes":""},"class_list":["post-83","page","type-page","status-publish","hentry"],"_links":{"self":[{"href":"https:\/\/www.wiruauto.ee\/avaleht\/wp-json\/wp\/v2\/pages\/83","targetHints":{"allow":["GET"]}}],"collection":[{"href":"https:\/\/www.wiruauto.ee\/avaleht\/wp-json\/wp\/v2\/pages"}],"about":[{"href":"https:\/\/www.wiruauto.ee\/avaleht\/wp-json\/wp\/v2\/types\/page"}],"author":[{"embeddable":true,"href":"https:\/\/www.wiruauto.ee\/avaleht\/wp-json\/wp\/v2\/users\/1"}],"replies":[{"embeddable":true,"href":"https:\/\/www.wiruauto.ee\/avaleht\/wp-json\/wp\/v2\/comments?post=83"}],"version-history":[{"count":5,"href":"https:\/\/www.wiruauto.ee\/avaleht\/wp-json\/wp\/v2\/pages\/83\/revisions"}],"predecessor-version":[{"id":7254,"href":"https:\/\/www.wiruauto.ee\/avaleht\/wp-json\/wp\/v2\/pages\/83\/revisions\/7254"}],"up":[{"embeddable":true,"href":"https:\/\/www.wiruauto.ee\/avaleht\/wp-json\/wp\/v2\/pages\/86"}],"wp:attachment":[{"href":"https:\/\/www.wiruauto.ee\/avaleht\/wp-json\/wp\/v2\/media?parent=83"}],"curies":[{"name":"wp","href":"https:\/\/api.w.org\/{rel}","templated":true}]}}